 0 + (4 - 5)
4
Evaluate -4 + 3 + -5 + 11 + -7.
-2
What is -4 + (3 + 4 - 6)?
-3
15 + (-4 - 2) + 0 + -2
7
Calculate 0 + 0 - ((5 - 9) + 8).
-4
What is the value of -1 + 15 - 6 - 4?
4
What is the value of 1 + -2 - (7 - (-2 - -7))?
-3
What is (0 - (2 - 1)) + (0 - 3)?
-4
Calculate -10 + (3 - -1) - -4.
-2
Evaluate -81 - -79 - ((2 - -3) + -1).
-6
What is the value of -3 + -2 - (7 + (-8 - -1))?
-5
Evaluate (4 - -6) + 0 + -7 - -8.
11
Calculate 13 - 5 - (11 + -4).
1
What is (-5 - -2) + (-2 - (11 + -8))?
-8
What is 6 - (3 + 0 + 10)?
-7
What is the value of 3 - (5 + -3 + 2)?
-1
What is (7 - 3) + 4 + -5 + 2?
5
Evaluate -2 + 2 - (-1 + 1).
0
Evaluate -5 - ((-4 - 2) + 2) - 0.
-1
What is the value of ((-7 - -5) + -7 - -2) + 1?
-6
What is 3 + 0 + -4 + 5 + -4?
0
What is 6 - (8 - (-11 - -14))?
1
-6 + (-7 - (-16 + 5))
-2
What is the value of 10 + -6 + 7 + -4?
7
-2 - (-4 + 3 + -1 + -5)
5
What is -1 + -3 + (-5 - 0 - -8)?
-1
Calculate -7 + (7 - ((-7 - -5) + 0)).
2
Evaluate 2 - 3 - -12 - (-3 - -4).
10
Calculate 2 - -2 - 7 - -8.
5
What is the value of 5 - (0 - -1) - (-2 - 0)?
6
(1 - ((-9 - -3) + 5)) + 8
10
3 - -1 - (-4 + 8)
0
0 + 4 - (125 + -126)
5
4 - ((5 - 1) + 3 + 0)
-3
What is the value of 2 - (0 + 1 + 3 - -3)?
-5
(3 + -7 - -8) + 0
4
Calculate 2 - (-3 + (12 - (-4 + 5))).
-6
What is 1 - (5 + (-12 - -4))?
4
What is the value of (5 - (5 + -4)) + -2?
2
Calculate 5 - ((11 - 3) + -8).
5
What is 1 + (0 - (3 + 2)) + 1?
-3
What is 1 + (-3 - 2 - (15 + -18))?
-1
Evaluate -22 - -18 - (-8 + 1).
3
What is -13 - -4 - -3 - -1?
-5
Calculate -13 + (-6 - -7) + 6.
-6
Calculate -100 - -114 - (9 + 1).
4
(1 - (-14 + 18)) + -1 + -3
-7
What is (3 - (1 + 0 - -4)) + 1?
-1
What is the value of (4 - 5) + -4 + -5 + 4?
-6
1 + 1 - (-1 + (7 - 3))
-1
Evaluate (3 - 1) + -6 + (5 - -2).
3
Evaluate -1 + -3 + -1 + 0.
-5
What is the value of 4 - (6 - (4 + -3 + 2))?
1
Evaluate -6 + 8 + (-7 - -5).
0
Evaluate 4 + -7 - (0 + 2).
-5
Calculate (6 - 3 - -1) + 65 + -70.
-1
-9 - -9 - (1 - 6)
5
Evaluate (1 + -1 - 5) + 5.
0
Evaluate (-1 - 8) + (-7 - -11) + 2.
-3
What is the value of 25 + -12 - ((-1 - -8) + -1)?
7
What is 1 - 5 - (-7 - -5)?
-2
Calculate -3 - (-6 + 6 + -7).
4
Calculate -11 + 1 + 6 + 3.
-1
What is -1 + -6 - -14 - 9?
-2
What is 2 + -1 + 2 - (-7 - -8)?
2
Calculate -2 - 2 - -4 - (4 - 5).
1
Evaluate (5 - 2 - 7) + -14 + 17.
-1
Evaluate 0 + 1 + (-5 - -6).
2
-4 - -2 - (-3 + 6)
-5
What is the value of 2 + -15 + 8 - 0 - 1?
-6
-2 - (1 + (12 - 2) + -4)
-9
Calculate 11 - (-1 - (-8 + -4)).
0
Calculate 0 - -2 - (-14 + (-3 - -12)).
7
Evaluate -8 + (7 - -1) - (1 - -1).
-2
Evaluate (-17 - -14) + (1 - 1).
-3
1 + 2 + 2 + -1
4
(-10 + 3 - (0 + -3)) + 1
-3
What is the value of (-7 - -1) + (1 - -1)?
-4
Evaluate -12 + -3 + 13 - (1 + 3).
-6
Evaluate 6 + (-5 - ((-5 - -6) + -4)).
4
Evaluate -1 - ((-4 - -7) + -1 - 9).
6
Evaluate 5 - ((3 + -2 - 0) + 1).
3
Calculate 1 + -6 + -3 + 3 + 5.
0
Evaluate -1 - (-4 + -10 - -10).
3
What is the value of 5 + -7 + 0 - 0?
-2
Calculate 3 + -9 + 3 - (0 - 0).
-3
What is -3 + -5 - (18 - 25)?
-1
Evaluate (4 - (5 + 2)) + 2.
-1
(-4 - (2 - 0)) + (9 - 6)
-3
What is (-9 + 10 - 13) + 4?
-8
What is -7 + 6 + -9 + 6?
-4
What is (1 - (4 - 2)) + -2?
-3
Evaluate 15 + (2 - 9) + -1 + -1.
6
What is 3 + -8 - -1 - -1?
-3
Evaluate 26 + -20 + (2 - 2) - 4.
2
What is the value of -2 + -10 + 4 + (2 - -2)?
-4
6 + -4 + 0 + 3
5
What is 0 + -6 + 7 + 3?
4
Calculate -3 - ((-1 - (-1 - -3)) + -2).
2
What is -10 - -1 - (-7 - (-5 - -5))?
-2
-1 + 3 + 2 + 0 + 1
5
What is the value of 0 - (0 + 4 - 3)?
-1
What is the value of (6 - 6) + 2 + (0 - 3)?
-1
What is the value of 7 - (2 + 0 - -2) - 3?
0
Evaluate 10 + -20 + 1 + 10.
1
What is 3 + 4 + -2 + 4 + -5?
4
Calculate -12 - (-12 - (-7 + 2)).
-5
What is -5 + 8 + 5 + -7 + -4?
-3
Evaluate 7 + (5 - 7) + (-4 - -2).
3
Calculate 1 - (2 - (-1 + -6)).
-8
What is -4 - (0 + -8 + 7)?
-3
What is -8 - (-4 + 2 - -1)?
-7
What is (0 - 1) + 5 - -1?
5
What is (-2 + 6 - (-1 - -3)) + -2?
0
Evaluate (-43 - -45) + (-2 - -1).
1
What is -5 - -1 - -6 - 6?
-4
(0 - (3 - 2)) + (-6 - -6)
-1
What is 3 + (6 - 20) + 6?
-5
What is -12 + (3 - 9) + (10 - -1)?
-7
Calculate (-1 - -5) + 0 + 1 + 0.
5
Evaluate 61 + -49 + (-4 - 6).
2
Calculate -6 - (-3 + -8 - -7).
-2
Evaluate -4 - (1 + -7 + 3) - -4.
3
(-1 - (3 - 2)) + 69 + -73
-6
Evaluate 3 - (-6 - -11) - -1.
-1
Calculate 1 - 0 - 4 - (42 - 39).
-6
What is -4 + 3 + (0 - -3)?
2
Evaluate -1 - 4 - (31 - 38).
2
-1 - (4 - (4 + -1))
-2
Evaluate (2 + -2 - 3) + (8 - 6).
-1
Evaluate -1 + 8 + -132 + 128.
3
Evaluate (-2 - -2 - 16) + 9.
-7
Calculate 0 - 0 - -5 - 5.
0
(-3 - -5) + 0 + -3 + 2
1
What is the value of 11 + (-3 - 0) + -4?
4
4 + -7 + -1 - (1 + -3)
-2
What is -7 + 9 - (-4 + 1) - 3?
2
Evaluate 1 - (1 + -2) - 1.
1
What is -5 - (4 + 2 - 9)?
-2
Evaluate (5 - 1) + (2 - (3 + -1)).
4
What is 0 - 8 - (0 - 3)?
-5
What is 8 - (4 + 0 + 1)?
3
What is -9 + (-4 - -16) + (-1 - -2)?
4
-9 + 33 + -6 + -10
8
Evaluate (1 - 4) + -71 + 77.
3
Evaluate 18 + -21 + -1 + 0.
-4
Calculate (3 - (4 - 7 - -1)) + 1.
6
-1 + -1 - -1 - (4 + 0)
-5
-15 + 3 - (4 - 24)
8
What is the value of (3 - 0 - (6 - 4)) + 2?
3
Calculate (4 - 3) + -3 - (4 - 1).
-5
7 + -1 - (8 - 6)
4
What is -5 + 2 + 0 - (0 - 2)?
-1
Calculate 14 + -19 + (-3 + 0 - -1).
-7
Evaluate 4 + 1 + (0 - 0) + -1.
4
0 + 3 - (-4 - -2)
5
-4 - (-3 + 8 + -1 - 4)
-4
-2 - -6 - (9 + -5)
0
-6 + (-2 - -4) + (0 - 0)
-4
Evaluate 2 - (8 + -3) - (-7 - 1).
5
What is the value of 1 + -1 + -18 + 9 + 5?
-4
What is the value of 8 + 0 + -5 + 1?
4
What is the value of 6 - (-3 + 12 - -6)?
-9
What is the value of -71 + 69 + (-3 - -14)?
9
What is the value of (-2 - 3) + (-1 - 6) + 10?
-2
What is the value of (-14 - -17) + (1 - 4) - -4?
4
Evaluate -1 + -4 + -4 + 7.
-2
Evaluate -22 - -13 - (-3 + -2).
-4
Evaluate -4 - 1 - (-13 + -1 + 10).
-1
What is the value of 0 + 2 + (3 - 10)?
-5
Evaluate 2 + 4 - (-6 - -13).
-1
7 - (3 - (3 - (3 + -1)))
5
What is -5 - (-4 + 2) - -3?
0
What is the value of (1 - (0 - -1)) + (2 - 6)?
-4
-3 + (11 - 10 - (-2 - 3))
3
What is the value of -7 + 6 - -8 - 10?
-3
Calculate (4 - 9 - -4) + -1.
-2
(-9 - (1 - 13)) + 3
6
What is the value of 4 + (0 - 2) + -7?
-5
What is the value of -1 + 2 - (5 - (-5 - -10))?
1
Calculate -1 + 3 + -16 + 1 + 14.
1
Calculate 0 + 1 + (-2 - 2) + 8.
5
Calculate -3 - -5 - -5 - 2.
5
Evaluate 7 + (2 - 3) + -2.
4
What is the value of (-57 - -57) + (-1 - 9) + 4?
-6
What is the value of 0 - (2 - 2 - (4 - -2))?
6
What is -1 - 4 - (-1 + -3 + 2)?
-3
What is the value of (3 - 5) + -1 + (-2 - -5)?
0
What is (2 + -1 - 2) + (-6 - -3)?
-4
Calculate 5 + (-11 - -1) - -10.
5
Evaluate 8 + -9 + (2 - 2) - -7.
6
-3 - -8 - (5 + 3)
-3
5 - (-6 + -3 + 9)
5
What is (4 + 0 - (0 + 2)) + -6?
-4
Calculate 4 + -5 + 4 - 7.
-4
Evaluate (7 - (2 - 1)) + (-8 - -2).
0
Calculate (3 - 1) + 0 + -9 + 2.
-5
What is the value of 3 + 6 + -10 + 5?
4
What is the value of 1 + ((4 - 2) + 2 - 0)?
5
What is the value of -7 - (-6 - (-1 - (6 + -3)))?
-5
Calculate 1 + (-5 - (8 + -7)).
-5
What is -1 + ((-5 - -7) + 2 - -2)?
5
-10 - (-13 + (13 - 1))
-9
-6 - 1 - (10 + -28 + 9)
2
Calculate -1 + -1 + (-3 - -4) - 2.
-3
Calculate 2 + -3 + 0 - (5 + -1).
-5
Evaluate -3 + 5 - (1 - (7 + -6)).
2
3 - ((1 - -1) + 0)
1
Evaluate 6 - (-3 + (0 - -4)).
5
(2 - -1 - (15 + -11)) + -2
-3
Evaluate (0 - -1) + (2 - 2 - -2).
3
23 + -15 + -14 + 0
-6
Evaluate 2 - 5 - -3 - 4.
-4
What is the value of 8 + -15 + 5 + (0 - -5)?
3
What is -9 + 11 - (7 + 1 - 2)?
-4
Calculate (15 - 3) + -14 + -1.
-3
Calculate 1 + -2 + (7 - -4) + -5.
5
What is (-1 - 0 - (-10 - -14)) + 2?
-3
Evaluate 5 + (4 - (13 - 4) - -6).
6
Evaluate -3 - (-4 - -3 - (-6 + 2)).
-6
What is the value of -6 + 4 + (1 - (-1 - 2))?
2
What is 4 - 7 - (2 - 3)?
-2
What is the value of -8 + (-2 - (3 + -7))?
-6
Evaluate -1 - (2 + (0 - 7)).
4
What is the value of 0 - (-27 - -9 - -12)?
6
-7 - (-13 - (-7 - -1))
0
What is 12 - (17 - 0) - -8?
3
Evaluate (-2 - 1) + (-12 - -12) + 2.
-1
5 + (-7 - 9) + 4
-7
What is the value of 6 - 16 - (-3 + (7 - 8))?
-6
26 - 28 - (-3 - 1)
2
-4 + (5 - (13 + -4)) - -5
-3
What is -2 + 4 - -7 - 11?
-2
Calculate 11 + -11 - (5 - -3).
-8
What is the value of (1 - 1) + 1 - (-25 - -31)?
-5
What is -100 - -95 - (1 - 8)?
2
Evaluate 5 + (2 - 2) + -1 + 0.
4
What is the value of (10 - -15) + -14 - 3?
8
Evaluate 8 + -1 + (3 + 0 - 9).
1
What is the value of -2 + 10